{"id":309,"date":"2020-03-17T15:26:22","date_gmt":"2020-03-17T15:26:22","guid":{"rendered":"http:\/\/autorecanvisrs.es\/?page_id=309"},"modified":"2023-12-26T10:06:26","modified_gmt":"2023-12-26T10:06:26","slug":"politica-de-cookies","status":"publish","type":"page","link":"https:\/\/autorecanvisrs.es\/?page_id=309","title":{"rendered":"Pol\u00edtica de Cookies"},"content":{"rendered":"<p>INFORMACI\u00d3N SOBRE COOKIES<\/p>\n<p>Conforme con la Ley 34\/2002, de 11 de julio, de servicios de la sociedad de la informaci\u00f3n y de comercio electr\u00f3nico<br \/>\n(LSSI), en relaci\u00f3n con el Reglamento (UE) 2016\/679 del Parlamento Europeo y del Consejo, de 27 de abril de 2016,<br \/>\nGeneral de Protecci\u00f3n de Datos (GDPR) y la Ley Org\u00e1nica 3\/2018, de 5 de diciembre, de Protecci\u00f3n de Datos y Garant\u00eda<br \/>\nde los Derechos Digitales (LOPDGDD), es obligado obtener el consentimiento expreso del usuario de todas las p\u00e1ginas<br \/>\nweb que usan cookies prescindibles, antes de que este navegue por ellas.<br \/>\n\u00bfQU\u00c9 SON LAS COOKIES?<\/p>\n<p>Las cookies y otras tecnolog\u00edas similares tales como local shared objects, flash cookies o p\u00edxeles, son herramientas<br \/>\nempleadas por los servidores Web para almacenar y recuperar informaci\u00f3n acerca de sus visitantes, as\u00ed como para<br \/>\nofrecer un correcto funcionamiento del sitio.<br \/>\nMediante el uso de estos dispositivos se permite al servidor Web recordar algunos datos concernientes al usuario,<br \/>\ncomo sus preferencias para la visualizaci\u00f3n de las p\u00e1ginas de ese servidor, nombre y contrase\u00f1a, productos que m\u00e1s le<br \/>\ninteresan, etc.<\/p>\n<p>COOKIES AFECTADAS POR LA NORMATIVA Y COOKIES EXCEPTUADAS<\/p>\n<p>Seg\u00fan la directiva de la UE, las cookies que requieren el consentimiento informado por parte del usuario son las cookies<br \/>\nde anal\u00edtica y las de publicidad y afiliaci\u00f3n, quedando exceptuadas las de car\u00e1cter t\u00e9cnico y las necesarias para el<br \/>\nfuncionamiento del sitio web o la prestaci\u00f3n de servicios expresamente solicitados por el usuario.<\/p>\n<p>TIPOS DE COOKIES<\/p>\n<p>SEG\u00daN LA FINALIDAD<br \/>\nCookies t\u00e9cnicas y funcionales: son aquellas que permiten al usuario la navegaci\u00f3n a trav\u00e9s de una p\u00e1gina web,<br \/>\nplataforma o aplicaci\u00f3n y la utilizaci\u00f3n de las diferentes opciones o servicios que en ella existan.<br \/>\nCookies anal\u00edticas: son aquellas que permiten al responsable de las mismas el seguimiento y an\u00e1lisis del<br \/>\ncomportamiento de los usuarios de los sitios web a los que est\u00e1n vinculadas. La informaci\u00f3n recogida mediante<br \/>\neste tipo de cookies se utiliza en la medici\u00f3n de la actividad de los sitios web, aplicaci\u00f3n o plataforma y para la<br \/>\nelaboraci\u00f3n de perfiles de navegaci\u00f3n de los usuarios de dichos sitios, aplicaciones y plataformas, con el fin de<br \/>\nintroducir mejoras en funci\u00f3n del an\u00e1lisis de los datos de uso que hacen los usuarios del servicio.<br \/>\nCookies publicitarias: son aquellas que permiten la gesti\u00f3n, de la forma m\u00e1s eficaz posible, de los espacios<br \/>\npublicitarios que, en su caso, el editor haya incluido en una p\u00e1gina web, aplicaci\u00f3n o plataforma desde la que<br \/>\npresta el servicio solicitado en base a criterios como el contenido editado o la frecuencia en la que se muestran<br \/>\nlos anuncios.<br \/>\nCookies de publicidad comportamental: recogen informaci\u00f3n sobre las preferencias y elecciones personales del<br \/>\nusuario (retargeting) para permitir la gesti\u00f3n, de la forma m\u00e1s eficaz posible, de los espacios publicitarios que,<br \/>\nen su caso, el editor haya incluido en una p\u00e1gina web, aplicaci\u00f3n o plataforma desde la que presta el servicio<br \/>\nsolicitado.<br \/>\nCookies sociales: son establecidas por las plataformas de redes sociales en los servicios para permitirle<br \/>\ncompartir contenido con sus amigos y redes. Las plataformas de medios sociales tienen la capacidad de rastrear<br \/>\nsu actividad en l\u00ednea fuera de los Servicios. Esto puede afectar al contenido y los mensajes que ve en otros<br \/>\nservicios que visita.<br \/>\nCookies de afiliados: permiten hacer un seguimiento de las visitas procedentes de otras webs, con las que el<br \/>\nsitio web establece un contrato de afiliaci\u00f3n (empresas de afiliaci\u00f3n).<br \/>\nCookies de seguridad: almacenan informaci\u00f3n cifrada para evitar que los datos guardados en ellas sean vulnerables a ataques maliciosos de terceros.<br \/>\nSEG\u00daN LA PROPIEDAD<br \/>\nCookies propias: son aquellas que se env\u00edan al equipo terminal del usuario desde un equipo o dominio<br \/>\ngestionado por el propio editor y desde el que se presta el servicio solicitado por el usuario.<br \/>\nCookies de terceros: son aquellas que se env\u00edan al equipo terminal del usuario desde un equipo o dominio que<br \/>\nno es gestionado por el editor, sino por otra entidad que trata los datos obtenidos trav\u00e9s de las cookies.<br \/>\nSEG\u00daN EL PLAZO DE CONSERVACI\u00d3N<br \/>\nCookies de sesi\u00f3n: son un tipo de cookies dise\u00f1adas para recabar y almacenar datos mientras el usuario accede<br \/>\na una p\u00e1gina web.<br \/>\nCookies persistentes: son un tipo de cookies en el que los datos siguen almacenados en el terminal y pueden<br \/>\nser accedidos y tratados durante un per\u00edodo definido por el responsable de la cookie, y que puede ir de unos<br \/>\nminutos a varios a\u00f1os.<\/p>\n<p>TRATAMIENTO DE DATOS PERSONALES<\/p>\n<p>AUTORECANVIS RS C.B. es el Responsable del tratamiento de los datos personales del Interesado y le informa de que<br \/>\nestos datos ser\u00e1n tratados de conformidad con lo dispuesto en el Reglamento (UE) 2016\/679, de 27 de abril de 2016<br \/>\n(GDPR), por lo que se le facilita la siguiente informaci\u00f3n del tratamiento:<br \/>\nFines del tratamiento: seg\u00fan se especifica en el apartado de cookies que se utilizan en este sitio web.<br \/>\nLegitimaci\u00f3n del tratamiento: salvo en los casos en los que resulte necesario para la navegaci\u00f3n por la web, por<br \/>\nconsentimiento del interesado (art. 6.1 GDPR).<br \/>\nCriterios de conservaci\u00f3n de los datos: seg\u00fan se especifica en el apartado de cookies utilizadas en la web.<br \/>\nComunicaci\u00f3n de los datos: no se comunicar\u00e1n los datos a terceros, excepto en cookies propiedad de terceros o por<br \/>\nobligaci\u00f3n legal.<br \/>\nDerechos que asisten al Interesado:<br \/>\n&#8211; Derecho a retirar el consentimiento en cualquier momento.<br \/>\n&#8211; Derecho de acceso, rectificaci\u00f3n, portabilidad y supresi\u00f3n de sus datos, y de limitaci\u00f3n u oposici\u00f3n a su tratamiento.<br \/>\n&#8211; Derecho a presentar una reclamaci\u00f3n ante la Autoridad de control (www.aepd.es) si considera que el tratamiento no<br \/>\nse ajusta a la normativa vigente.<br \/>\nDatos de contacto para ejercer sus derechos:<br \/>\nAUTORECANVIS RS C.B.. Calle Col\u00f3n, 75, &#8211; 03570 VILLAJOYOSA (Alacant). E-mail: autorecanvisrs@autorecanvisrs.es<br \/>\n<img loading=\"lazy\" src=\"https:\/\/autorecanvisrs.es\/wp-content\/uploads\/2023\/12\/1.png\" alt=\"\" width=\"834\" height=\"727\" class=\"alignnone size-full wp-image-354\" srcset=\"https:\/\/autorecanvisrs.es\/wp-content\/uploads\/2023\/12\/1-200x174.png 200w, https:\/\/autorecanvisrs.es\/wp-content\/uploads\/2023\/12\/1-300x262.png 300w, https:\/\/autorecanvisrs.es\/wp-content\/uploads\/2023\/12\/1-400x349.png 400w, https:\/\/autorecanvisrs.es\/wp-content\/uploads\/2023\/12\/1-600x523.png 600w, https:\/\/autorecanvisrs.es\/wp-content\/uploads\/2023\/12\/1-768x669.png 768w, https:\/\/autorecanvisrs.es\/wp-content\/uploads\/2023\/12\/1-800x697.png 800w, https:\/\/autorecanvisrs.es\/wp-content\/uploads\/2023\/12\/1.png 834w\" sizes=\"(max-width: 834px) 100vw, 834px\" \/><br \/>\n<img loading=\"lazy\" src=\"https:\/\/autorecanvisrs.es\/wp-content\/uploads\/2023\/12\/2.png\" alt=\"\" width=\"833\" height=\"345\" class=\"alignnone size-full wp-image-357\" srcset=\"https:\/\/autorecanvisrs.es\/wp-content\/uploads\/2023\/12\/2-200x83.png 200w, https:\/\/autorecanvisrs.es\/wp-content\/uploads\/2023\/12\/2-300x124.png 300w, https:\/\/autorecanvisrs.es\/wp-content\/uploads\/2023\/12\/2-400x166.png 400w, https:\/\/autorecanvisrs.es\/wp-content\/uploads\/2023\/12\/2-600x248.png 600w, https:\/\/autorecanvisrs.es\/wp-content\/uploads\/2023\/12\/2-768x318.png 768w, https:\/\/autorecanvisrs.es\/wp-content\/uploads\/2023\/12\/2-800x331.png 800w, https:\/\/autorecanvisrs.es\/wp-content\/uploads\/2023\/12\/2.png 833w\" sizes=\"(max-width: 833px) 100vw, 833px\" \/><br \/>\n<img loading=\"lazy\" src=\"https:\/\/autorecanvisrs.es\/wp-content\/uploads\/2023\/12\/3.png\" alt=\"\" width=\"820\" height=\"663\" class=\"alignnone size-full wp-image-359\" srcset=\"https:\/\/autorecanvisrs.es\/wp-content\/uploads\/2023\/12\/3-177x142.png 177w, https:\/\/autorecanvisrs.es\/wp-content\/uploads\/2023\/12\/3-200x162.png 200w, https:\/\/autorecanvisrs.es\/wp-content\/uploads\/2023\/12\/3-300x243.png 300w, https:\/\/autorecanvisrs.es\/wp-content\/uploads\/2023\/12\/3-400x323.png 400w, https:\/\/autorecanvisrs.es\/wp-content\/uploads\/2023\/12\/3-600x485.png 600w, https:\/\/autorecanvisrs.es\/wp-content\/uploads\/2023\/12\/3-768x621.png 768w, https:\/\/autorecanvisrs.es\/wp-content\/uploads\/2023\/12\/3-800x647.png 800w, https:\/\/autorecanvisrs.es\/wp-content\/uploads\/2023\/12\/3.png 820w\" sizes=\"(max-width: 820px) 100vw, 820px\" \/><br \/>\n<img loading=\"lazy\" src=\"https:\/\/autorecanvisrs.es\/wp-content\/uploads\/2023\/12\/4.png\" alt=\"\" width=\"826\" height=\"451\" class=\"alignnone size-full wp-image-361\" srcset=\"https:\/\/autorecanvisrs.es\/wp-content\/uploads\/2023\/12\/4-200x109.png 200w, https:\/\/autorecanvisrs.es\/wp-content\/uploads\/2023\/12\/4-300x164.png 300w, https:\/\/autorecanvisrs.es\/wp-content\/uploads\/2023\/12\/4-400x218.png 400w, https:\/\/autorecanvisrs.es\/wp-content\/uploads\/2023\/12\/4-600x328.png 600w, https:\/\/autorecanvisrs.es\/wp-content\/uploads\/2023\/12\/4-768x419.png 768w, https:\/\/autorecanvisrs.es\/wp-content\/uploads\/2023\/12\/4-800x437.png 800w, https:\/\/autorecanvisrs.es\/wp-content\/uploads\/2023\/12\/4.png 826w\" sizes=\"(max-width: 826px) 100vw, 826px\" \/><br \/>\n<img loading=\"lazy\" src=\"https:\/\/autorecanvisrs.es\/wp-content\/uploads\/2023\/12\/5.png\" alt=\"\" width=\"835\" height=\"444\" class=\"alignnone size-full wp-image-363\" srcset=\"https:\/\/autorecanvisrs.es\/wp-content\/uploads\/2023\/12\/5-200x106.png 200w, https:\/\/autorecanvisrs.es\/wp-content\/uploads\/2023\/12\/5-300x160.png 300w, https:\/\/autorecanvisrs.es\/wp-content\/uploads\/2023\/12\/5-400x213.png 400w, https:\/\/autorecanvisrs.es\/wp-content\/uploads\/2023\/12\/5-600x319.png 600w, https:\/\/autorecanvisrs.es\/wp-content\/uploads\/2023\/12\/5-768x408.png 768w, https:\/\/autorecanvisrs.es\/wp-content\/uploads\/2023\/12\/5-800x425.png 800w, https:\/\/autorecanvisrs.es\/wp-content\/uploads\/2023\/12\/5.png 835w\" sizes=\"(max-width: 835px) 100vw, 835px\" \/><\/p>\n","protected":false},"excerpt":{"rendered":"<p>INFORMACI\u00d3N SOBRE COOKIES Conforme con la Ley 34\/2002, de 11 de julio, de servicios de la sociedad de la informaci\u00f3n y de comercio electr\u00f3nico (LSSI), en relaci\u00f3n con el Reglamento (UE) 2016\/679 del Parlamento Europeo y del Consejo, de 27 de abril de 2016, General de Protecci\u00f3n de Datos (GDPR) y la Ley Org\u00e1nica 3\/2018, [&hellip;]<\/p>\n","protected":false},"author":3,"featured_media":0,"parent":0,"menu_order":0,"comment_status":"closed","ping_status":"closed","template":"","meta":[],"_links":{"self":[{"href":"https:\/\/autorecanvisrs.es\/index.php?rest_route=\/wp\/v2\/pages\/309"}],"collection":[{"href":"https:\/\/autorecanvisrs.es\/index.php?rest_route=\/wp\/v2\/pages"}],"about":[{"href":"https:\/\/autorecanvisrs.es\/index.php?rest_route=\/wp\/v2\/types\/page"}],"author":[{"embeddable":true,"href":"https:\/\/autorecanvisrs.es\/index.php?rest_route=\/wp\/v2\/users\/3"}],"replies":[{"embeddable":true,"href":"https:\/\/autorecanvisrs.es\/index.php?rest_route=%2Fwp%2Fv2%2Fcomments&post=309"}],"version-history":[{"count":9,"href":"https:\/\/autorecanvisrs.es\/index.php?rest_route=\/wp\/v2\/pages\/309\/revisions"}],"predecessor-version":[{"id":364,"href":"https:\/\/autorecanvisrs.es\/index.php?rest_route=\/wp\/v2\/pages\/309\/revisions\/364"}],"wp:attachment":[{"href":"https:\/\/autorecanvisrs.es\/index.php?rest_route=%2Fwp%2Fv2%2Fmedia&parent=309"}],"curies":[{"name":"wp","href":"https:\/\/api.w.org\/{rel}","templated":true}]}}